ist the prime factors of x.
3, 61
Let s = -71 - -83. What are the prime factors of s?
2, 3
Suppose 233 = 3*g + 56. What are the prime factors of g?
59
Suppose 2*p = 4*p - 4. List the prime factors of p/(-5) - (-242)/5.
2, 3
What are the prime factors of (2 + 1396/(-8))*(-2)/3?
5, 23
Let x be (-1)/(-2)*(1 + -1). Suppose x*z - 22 = -z. What are the prime factors of z?
2, 11
Let d(u) = 2*u**2 + 6*u - 7. List the prime factors of d(2).
13
What are the prime factors of (1/(-5))/(1/(-215))?
43
Let q be 1/(-3) - (-6)/18. Suppose q*t - 38 = -2*t. Let l = -10 + t. What are the prime factors of l?
3
Suppose -4*z = 4 - 16. What are the prime factors of (z/(-1))/1 - -18?
3, 5
Let h(x) be the second derivative of x**3/2 - 3*x. List the prime factors of h(4).
2, 3
Let l(p) = 77*p**2 + 6*p + 4. List the prime factors of l(-1).
3, 5
Suppose -4*b + 2*b = -12. List the prime factors of b.
2, 3
Suppose 4*t - 568 = -5*g + 149, -5*t + 2*g = -888. What are the prime factors of t?
2, 89
Let r = -11 - -17. Let o(i) = i - 5. Let t be o(r). List the prime factors of (15 - t/1)/1.
2, 7
Suppose 3*l - 2*r + 6*r = 123, -5*r - 59 = -2*l. List the prime factors of l.
37
Suppose m = 3 - 1. Suppose -s = -m*h - 0*s - 1, -3*s + 13 = -h. Suppose -b - o - 7 = h*o, -4*b + o = -11. List the prime factors of b.
2
Suppose -5 = 4*g - 37. Let a = 12 + g. What are the prime factors of a?
2, 5
Let h(y) = y**2 + 3*y + 4. Let k be h(-4). Suppose 0 = -3*t + k + 43. What are the prime factors of t?
17
Let t be (-16)/(-6)*(-6)/(-4). Suppose -5 = t*y - 13. List the prime factors of ((-48)/9)/y*-3.
2
List the prime factors of 6/(60/505) + 6/(-4).
7
Suppose -3*v + 60 = 2*v. Suppose -6*f = -2*f - v. What are the prime factors of f?
3
What are the prime factors of ((-21)/18)/7 - 1929/(-18)?
107
Let m = 0 + -1. Let o(j) = -23*j + 1. List the prime factors of o(m).
2, 3
Let c = -1 + 4. Suppose 2*q = -c + 7. Suppose -q*s + 10 = -3*w + 38, s + 2 = 0. List the prime factors of w.
2
Let o(k) = k**2 + 5*k - 4. Let f be 6/(-21) - 33/7. Let h be o(f). Let q = 7 + h. List the prime factors of q.
3
Suppose 5 = 2*m + t, -4*t + 21 = 5*m + 1. Suppose 5*x - 25 = m, y = 5*x - 33 + 11. List the prime factors of 2/y - (-65)/15.
5
Let h(o) = o**2 + 9*o - 4. Let z be h(-10). Suppose 0 = 4*p - 5*t - 39, -p - 3*t + 1 = -z*t. List the prime factors of p.
2
Suppose 0*z + b = -5*z + 69, 3*z - 3*b = 45. Let l = z - 9. What are the prime factors of l?
5
Let i(f) = 6*f + 7. List the prime factors of i(11).
73
Let r be 3/6 + 38/4. Let i(w) = w**2 - 4*w - 6. Let g be i(6). Suppose -g = -m + r. What are the prime factors of m?
2
What are the prime factors of (-45)/(1/2*-2)?
3, 5
Suppose 0 = -o + 5*r - 95, 2*o + 234 = -r - 0*r. What are the prime factors of (-10)/25*(0 + o)?
2, 23
Let t(w) = -w**3 + 4*w**2 - 2*w + 1. Let k be t(3). Suppose -k - 26 = -2*y. List the prime factors of y.
3, 5
Let v(q) = q**3 - 2. Let t be v(0). Let x = 3 - t. Suppose 0 = -4*a - d - 4*d + 21, 0 = -2*a + x*d + 33. List the prime factors of a.
3
Suppose -b + 259 = j, -6*b + 8*b + 8 = 0. What are the prime factors of j?
263
Let w be 6/(-8) - 5/4. Let t be 0/((w - -2) + 2). Suppose -3*q = 0, t*i - i + 2*q = -15. What are the prime factors of i?
3, 5
Suppose 0 = 3*z + 4*m - 492, 4*z + 4*m - 3*m - 669 = 0. What are the prime factors of z?
2, 3, 7
Let y(n) = n**2 - 6*n - 5. Let w be y(-5). Suppose 0 = 4*g - w - 6. List the prime factors of g.
2, 7
Let w = -19 - -20. Suppose -4*y + 114 = 2*g, -2*y + 60 = 5*g - w. What are the prime factors of y?
2, 7
Let q(o) = o**2 - 21*o + 23. List the prime factors of q(26).
3, 17
Let i(x) = x + 8. Let k be i(-6). Suppose -4*z - z = 2*u + 8, 0 = -5*z - u - 4. Suppose k = q - z. What are the prime factors of q?
2
Suppose 2*z + 28 = 86. Let n = -14 + z. Suppose 2*c - l - 24 = -5*l, -l = 5*c - n. What are the prime factors of c?
2
Let c(t) = -4 + 0 - 2*t - 6*t. Let z be c(-6). Suppose -4*a + z = -0*a. List the prime factors of a.
11
Suppose -5*y = -y. Let q be 1/(-1) - y - 0. Let s(f) = -13*f**3 - 2*f**2 + 1. List the prime factors of s(q).
2, 3
Let p(l) = -l + 1. List the prime factors of p(-3).
2
Let m = -76 + -5. Let f = -57 - m. List the prime factors of f.
2, 3
Let h(j) = 3*j + 12. Let y be h(-8). List the prime factors of y/2*49/(-14).
3, 7
Suppose 0 = -4*m - 5*y + 4 + 14, -4*y = m - 10. Suppose -m*s + 56 - 2 = 0. Let w = -19 + s. List the prime factors of w.
2
Suppose -4*g + 10 = 2*s - 10, -5*s + 57 = 3*g. Suppose -n = n + s. Let p(u) = u**3 + 7*u**2 + 5*u. What are the prime factors of p(n)?
2, 3
Let r(b) = 2*b + 2. Let p be r(6). Let w = 16 + p. List the prime factors of w.
2, 3, 5
Let n = 52 + -3. List the prime factors of n.
7
Let g = -267 - -377. List the prime factors of g.
2, 5, 11
Let d = 7 + -5. Suppose -d*r + 7 = 41. What are the prime factors of 1/(-1 - 0)*r?
17
List the prime factors of (-202 + 1)*(-5)/15.
67
Suppose s + 3*q = -8, 2*s = -q + 3*q. Let y be s/(-2) - (3 - 4). Suppose -y*k + 13 = 5*a - 0*a, 2*k - 4*a = 22. What are the prime factors of k?
3
Suppose 214 = j + 4*r, 2*r - 1470 = -5*j - 364. List the prime factors of j.
2, 3, 37
Let f = 123 - 83. What are the prime factors of f?
2, 5
Let z = -6 + 6. Let h = z - -6. List the prime factors of h.
2, 3
Let u(w) = w**2 + 7*w + 2. Let p be u(-7). Suppose p*d = -4*z + 52 + 80, -5*d - 78 = -2*z. List the prime factors of z.
2, 17
Let p be (2/(-1))/(8/(-20)). Suppose 0 = -a + 2*c + 32, p*c - 91 = a - 3*a. List the prime factors of a.
2, 19
Let i(v) be the third derivative of 7*v**5/60 + 4*v**2. What are the prime factors of i(1)?
7
Suppose -3*k + 5*c + 14 = 0, 0 = 5*k - k + 2*c - 10. Suppose -k*n = -1 - 17. Let s(x) = 3*x + 3. List the prime factors of s(n).
3, 7
Let g be (-3)/(-9) + (-8)/(-3). Suppose -g*k = -53 + 14. Suppose 9 = 2*t - k. List the prime factors of t.
11
Let o = 4 + -2. Suppose 5*q - o*z - 120 = 0, -4*z = -7*z. List the prime factors of q.
2, 3
Let p be (-9)/3 + 2 - -6. What are the prime factors of (-279)/(-45) + (-1)/p?
2, 3
Suppose 8 - 4 = 4*g. Let n = g + -3. Let x = n - -7. List the prime factors of x.
5
List the prime factors of (-72)/(-4) + (-3 - -2).
17
Let s(t) = -5*t**3 - 2*t**2 - 2*t - 6. Let w(i) = 9*i**3 + 4*i**2 + 4*i + 11. Let l(h) = 11*s(h) + 6*w(h). What are the prime factors of l(-2)?
2, 3
Let f(q) = q + 4. Let t = 2 + -2. Let d be f(t). List the prime factors of 8*3*1/d.
2, 3
Suppose j = -c + 167 - 30, -2*c = 5*j - 274. What are the prime factors of c?
137
Suppose -3*x = r + 2*r, 3*x = 4*r. Suppose x*s = -s - 2. List the prime factors of (-1)/(3/24*s).
2
List the prime factors of 168/14 - 3*-1.
3, 5
Suppose -3*m + 26 = 2*y - 83, 198 = 4*y + 2*m. What are the prime factors of y?
47
Let a(t) = 14*t**3 - 2*t**2 + 2*t - 1. Let w be a(1). What are the prime factors of (-3)/(2 + -5) + w?
2, 7
Let b = 1 - -11. List the prime factors of b.
2, 3
Let n(r) be the second derivative of -r**4/12 + 3*r**3/2 - 3*r. What are the prime factors of n(7)?
2, 7
Let y(x) = 2*x + 2. Let q be y(-7). Let r(p) = -p + 15. List the prime factors of r(q).
3
Let f = -43 - -65. List the prime factors of f.
2, 11
Let i(j) = j**3 + 30*j**2 - 2*j - 9. What are the prime factors of i(-30)?
3, 17
Let h = 152 - 65. Let b = h - 61. What are the prime factors of b?
2, 13
Suppose 5*o - 2*c = -7*c + 195, -3*c = -5*o + 195. List the prime factors of o.
3, 13
Let s(h) = 2*h**3 + 2*h - 1. Let c be s(1). Suppose p + 20 = -c*p. Let o(k) = k + 7. What are the prime factors of o(p)?
2
Suppose 0*s = -s + 3. List the prime factors of s.
3
Suppose -12 = -2*m + t, 4 = m + 2*m + 2*t. Suppose 2*j + 5 = -4*r - 7, 0 = 5*r - 2*j - 3. List the prime factors of ((-5)/m)/(r/4).
5
Let g = 5 - 3. Let h be (-27)/(0 + -3 + g). Suppose -y = 4*y + 2*o - h, 2*y = 4*o + 6. List the prime factors of y.
5
Let n be (-8)/(-4) + 8/(-1). Let q(w) = -w**2 - w + 1. Let y(g) = -6*g**2 - 12*g + 7. Let i(l) = -5*q(l) + y(l). List the prime factors of i(n).
2
Suppose 4*g - 50 = -4*t + 106, -3*g = -9. List the prime factors of t.
2, 3
Let t be 14/8 + (-2)/(-8). Suppose t*q = 7*q + 4*b - 32, -9 = -3*q + b. Suppose 9 = j + 4*w, -2*j - w = q*w - 15. What are the prime factors of j?
5
What are the prime factors of (-3)/(12/(-92))*3?
3, 23
Let z be 9/1*(-16)/(-48). Suppose -2*p - 5*u + 85 = 30, -z*u = 